69
List the prime factors of 1797675241.
967, 1859023
List the prime factors of 1923750305.
5, 384750061
List the prime factors of 121633667.
121633667
What are the prime factors of 53780482?
2, 7, 337, 11399
List the prime factors of 547996538.
2, 273998269
List the prime factors of 14784292.
2, 83, 44531
List the prime factors of 893305457.
11, 71, 233, 4909
List the prime factors of 40324865.
5, 7, 23, 50093
What are the prime factors of 1200184210?
2, 5, 19, 332461
What are the prime factors of 239507692?
2, 19, 3151417
What are the prime factors of 517973478?
2, 3, 11, 19, 23, 17959
What are the prime factors of 47163527?
263, 389, 461
List the prime factors of 848487581.
848487581
List the prime factors of 1845076790.
2, 5, 23, 109, 73597
What are the prime factors of 2284086799?
17, 7193, 18679
What are the prime factors of 2239468940?
2, 5, 111973447
What are the prime factors of 979210511?
83, 11797717
List the prime factors of 370092746.
2, 53, 3491441
What are the prime factors of 380245331?
151, 2518181
What are the prime factors of 127223708?
2, 31805927
List the prime factors of 10980831.
3, 67, 54631
What are the prime factors of 109435362?
2, 3, 18239227
List the prime factors of 5649950.
2, 5, 17, 23
What are the prime factors of 130089154?
2, 13, 5003429
List the prime factors of 1021264543.
13, 78558811
What are the prime factors of 2155025627?
73, 991, 29789
What are the prime factors of 547412679?
3, 11, 59, 93719
List the prime factors of 29692555.
5, 71, 83641
What are the prime factors of 30233127?
3, 3121, 3229
List the prime factors of 362492649.
3, 17, 2369233
What are the prime factors of 81728009?
11, 1667, 4457
List the prime factors of 402071797.
8501, 47297
What are the prime factors of 71966765?
5, 13, 433, 2557
List the prime factors of 769280522.
2, 277, 1388593
List the prime factors of 1427560425.
3, 5, 1759, 3607
List the prime factors of 18214693.
7, 37, 70327
What are the prime factors of 84717349?
23, 61, 60383
List the prime factors of 37428213.
3, 3371, 3701
List the prime factors of 96900851.
1571, 61681
What are the prime factors of 514599064?
2, 7, 9189269
What are the prime factors of 38339364?
2, 3, 7, 65203
List the prime factors of 1745208749.
1745208749
What are the prime factors of 181489707?
3, 7, 461, 2083
What are the prime factors of 246517748?
2, 17, 29, 41, 3049
List the prime factors of 531451258.
2, 13, 1572341
List the prime factors of 935385651.
3, 61, 189311
List the prime factors of 651585795.
3, 5, 7, 6205579
What are the prime factors of 5004637807?
13, 384972139
List the prime factors of 21248518.
2, 10624259
What are the prime factors of 1222983015?
3, 5, 31, 37, 2293
What are the prime factors of 430003612?
2, 43, 827, 3023
What are the prime factors of 30182220?
2, 3, 5, 31, 601
What are the prime factors of 364097163?
3, 97, 431, 2903
What are the prime factors of 198933234?
2, 3, 47, 705437
What are the prime factors of 60941105?
5, 43, 283447
What are the prime factors of 982452425?
5, 109, 347, 1039
List the prime factors of 61668098.
2, 59, 151, 3461
List the prime factors of 632869655.
5, 11, 89, 129289
What are the prime factors of 363072591?
3, 7, 1151, 1669
What are the prime factors of 793487059?
793487059
What are the prime factors of 55580883?
3, 18526961
List the prime factors of 534315414.
2, 3, 107, 313, 2659
What are the prime factors of 8981773?
8981773
What are the prime factors of 20344963?
20344963
List the prime factors of 156409778.
2, 7, 11172127
What are the prime factors of 213656386?
2, 106828193
What are the prime factors of 349119452?
2, 11, 19, 179, 2333
List the prime factors of 104006979.
3, 11556331
What are the prime factors of 26790417?
3, 31, 131, 733
List the prime factors of 357724992.
2, 3, 1863151
What are the prime factors of 4406745744?
2, 3, 4817, 6353
What are the prime factors of 212497331?
17, 1543, 8101
What are the prime factors of 296663551?
296663551
What are the prime factors of 2458886154?
2, 3, 17, 24106727
List the prime factors of 3731557769.
16981, 219749
What are the prime factors of 33470859?
3, 11156953
List the prime factors of 86216783.
86216783
List the prime factors of 2813720201.
17, 165512953
What are the prime factors of 23231321?
23231321
List the prime factors of 52864121.
7027, 7523
What are the prime factors of 650611737?
3, 19, 37, 151, 227
List the prime factors of 661296687.
3, 8179, 26951
What are the prime factors of 597573626?
2, 13, 23, 999287
List the prime factors of 1254231719.
13, 2039, 47317
List the prime factors of 360622184.
2, 13, 3467521
What are the prime factors of 5360486839?
8069, 664331
List the prime factors of 77179466.
2, 7, 13, 41, 10343
What are the prime factors of 28340376?
2, 3, 1180849
What are the prime factors of 114483890?
2, 5, 41, 293, 953
List the prime factors of 2961162245.
5, 592232449
What are the prime factors of 39423994?
2, 499, 39503
What are the prime factors of 686777650?
2, 5, 13, 61, 17321
What are the prime factors of 154879971?
3, 51626657
What are the prime factors of 462635164?
2, 73, 1584367
What are the prime factors of 565896985?
5, 43, 2632079
What are the prime factors of 6530706603?
3, 725634067
What are the prime factors of 31705676?
2, 7926419
What are the prime factors of 10311432?
2, 3, 429643
What are the prime factors of 2083757127?
3, 10883, 63823
List the prime factors of 47074657.
7, 6724951
What are the prime factors of 27439842?
2, 3, 263, 17389
What are the prime factors of 895124641?
113, 7921457
What are the prime factors of 4569147?
3, 11, 46153
List the prime factors of 52556301.
3, 7, 41, 20347
What are the prime factors of 923782979?
7, 47, 2807851
What are the prime factors of 202563866?
2, 139, 728647
List the prime factors of 1144120815.
3, 5, 19, 139, 3209
List the prime factors of 10869810.
2, 3, 5, 7, 191, 271
List the prime factors of 104916552.
2, 3, 13, 25867
What are the prime factors of 33285386?
2, 79, 293, 719
List the prime factors of 439534528.
2, 2063, 3329
List the prime factors of 55669421.
55669421
List the prime factors of 196466805.
3, 5, 23, 189823
What are the prime factors of 2756499523?
283, 1667, 5843
List the prime factors of 238225409.
14827, 16067
What are the prime factors of 157161967?
23, 67, 101987
List the prime factors of 524693599.
524693599
What are the prime factors of 6275250?
2, 3, 5, 2789
What are the prime factors of 5115981382?
2, 19, 79, 521, 3271
List the prime factors of 1937397635.
5, 29, 1051, 12713
What are the prime factors of 52487970?
2, 3, 5, 29, 60331
List the prime factors of 217490006.
2, 3121, 34843
What are the prime factors of 20102879?
1319, 15241
What are the prime factors of 2063642016?
2, 3, 3461, 6211
List the prime factors of 223011235.
5, 44602247
What are the prime factors of 34214361?
3, 433, 26339
What are the prime factors of 210518625?
3, 5, 61, 9203
What are the prime factors of 260721024?
2, 3, 109, 6229
What are the prime factors of 136136494?
2, 13, 23, 227653
What are the prime factors of 706037766?
2, 3, 7, 2401489
What are the prime factors of 405663055?
5, 7, 31, 59, 6337
List the prime factors of 127277490.
2, 3, 5, 461, 9203
What are the prime factors of 168243031?
11, 3469, 4409
List the prime factors of 290604281.
11, 677, 39023
List the prime factors of 1213969296.
2, 3, 61, 414607
What are the prime factors of 67950606?
2, 3, 83, 136447
List the prime factors of 107807801.
31, 47, 61, 1213
List the prime factors of 266240010.
2, 3, 5, 29, 306023
List the prime factors of 27895897.
101, 179, 1543
List the prime factors of 622404607.
11, 67, 844511
List the prime factors of 2080357545.
3, 5, 7, 97, 157, 1301
What are the prime factors of 349360888?
2, 43670111
What are the prime factors of 1950290903?
11, 177299173
What are the prime factors of 3602429075?
5, 7, 239, 86131
List the prime factors of 276036268.
2, 29, 2379623
What are the prime factors of 405404400?
2, 3, 5, 337837
What are the prime factors of 19955330?
2, 5, 1995533
List the prime factors of 3182391968.
2, 7, 223, 63709
List the prime factors of 39046103.
167, 229, 1021
What are the prime factors of 41198495?
5, 13, 633823
List the prime factors of 64365613.
13, 41, 197, 613
Wha